{"id":99,"date":"2018-01-19T22:43:12","date_gmt":"2018-01-19T21:43:12","guid":{"rendered":"http:\/\/www.itva.eu\/?page_id=99"},"modified":"2025-01-21T16:29:47","modified_gmt":"2025-01-21T15:29:47","slug":"teilnahmebedingungen","status":"publish","type":"page","link":"https:\/\/itva.cloud\/index.php\/teilnahmebedingungen\/","title":{"rendered":"Teilnahmebedingungen"},"content":{"rendered":"\n<p><strong>ITVA-Award Teilnahmebedingungen<\/strong><br>\nZiele des Awards<\/p>\n\n\n\n<p>Beispielhafte audiovisuelle Kommunikationsl\u00f6sungen werden mit der original <strong>ITVA Pyramide<\/strong> ausgezeichnet und so einer <strong>breiten interessierten \u00d6ffentlichkeit<\/strong> zug\u00e4nglich gemacht.<\/p>\n\n\n\n<p><strong>Die Kategorien, in denen die Preise vergeben werden:<\/strong><br>\n1. Verkaufsf\u00f6rderung, Marketing (+ Schulung, Training, Information)<br>\n2. Corporate Image<br>\n3. Dokumentation (wissenschaftlich, kulturell, technisch)<br>\n4. TV\/Kino \/Trailer<br>\n5. Forschung und Entwicklung<br>\n6. Interaktive-Anwendungen<br>\n7. Medieneinsatz bei Events, Veranstaltungen und Incentives<br>\n8. Non-commecial\/Video Kunst<br>\n9. Design in Motion\/ Postproduktion<br>\n10. IPTV-Projekte<br>\n11. P.O.S.<br>\n12. AI-Projekte<\/p>\n\n\n\n<p><strong>Bewertungskriterien<\/strong><br>\nErreichen der Kommunikationsziele, kreativk\u00fcnstlerische und zeitgem\u00e4\u00dfe Umsetzung, handwerkliche Perfektion und innovative Elemente.<\/p>\n\n\n\n<p><strong>Wer kann teilnehmen?<\/strong><br>\nAuftraggeber, Medienanwender, Produzenten, Mit-Urheber. Die zum Festival gemeldeten Beitr\u00e4ge m\u00fcssen im Zeitraum der letzten drei Jahre produziert worden sein. Sie d\u00fcrfen bisher an keinem ITVA-Festival teilgenommen haben.<\/p>\n\n\n\n<p><strong>Standards<\/strong><br>\nEinreichungsformat: Onlineupload bei l\u00e4ngeren Produktionen bitten wir eine Kurzfassung (ca. 5 Minuten) mit einzureichen.<\/p>\n\n\n\n<p><strong>Teilnahmegeb\u00fchren<\/strong><br>\nJe Einreichung \u20ac 250,- | ITVA-Mitglieder \u20ac 200,-<br>\nAb 3 Einreichungen von einem Absender:<br>\nje Beitrag: \u20ac 200,- | ITVA-Mitglieder je Beitrag \u20ac 150,-<br>\nAlle Betr\u00e4ge zzgl. gesetzlicher Mehrwertsteuer, die auch von ausl\u00e4ndischen Einreichern gezahlt werden mu\u00df.<\/p>\n\n\n\n<p><strong>Gala<\/strong><br>\nDie Preisverleihung findet im Rahmen einer gro\u00dfen Gala statt.<\/p>\n\n\n\n<p><strong>Anmeldung 25. ITVA-Award<\/strong><\/p>\n\n\n\n<p>&gt;&gt; <em><strong><a href=\"https:\/\/itva.cloud\/index.php\/kontakt\/\" target=\"_blank\" rel=\"noopener\">Hier k\u00f6nnen Sie sich zur Benachrichtigungsliste eintragen<\/a><\/strong><\/em><\/p>\n\n\n\n<p>Der Einreichungsbeginn und das Einreichungsende f\u00fcr den 25. ITVA-Award werden sobald sie feststehen begannt gegeben.\u00a0Wir informieren Sie rechtzeitig wenn es wieder los geht.<\/p>\n\n\n\n<p>Wir freuen uns auf Ihre Beitr\u00e4ge!<\/p>\n","protected":false},"excerpt":{"rendered":"<p>ITVA-Award Teilnahmebedingungen Ziele des Awards Beispielhafte audiovisuelle Kommunikationsl\u00f6sungen werden mit der original ITVA Pyramide ausgezeichnet und so einer breiten interessierten \u00d6ffentlichkeit zug\u00e4nglich gemacht. Die Kategorien, in denen die Preise vergeben werden: 1. Verkaufsf\u00f6rderung, Marketing (+ Schulung, Training, Information) 2. Corporate Image 3. Dokumentation (wissenschaftlich, kulturell, technisch) 4. TV\/Kino \/Trailer 5. Forschung und Entwicklung 6. Interaktive-Anwendungen&hellip; <br \/> <a class=\"read-more\" href=\"https:\/\/itva.cloud\/index.php\/teilnahmebedingungen\/\">Weiterlesen<\/a><\/p>\n","protected":false},"author":2,"featured_media":197,"parent":0,"menu_order":0,"comment_status":"closed","ping_status":"closed","template":"","meta":{"footnotes":""},"class_list":["post-99","page","type-page","status-publish","has-post-thumbnail","hentry"],"_links":{"self":[{"href":"https:\/\/itva.cloud\/index.php\/wp-json\/wp\/v2\/pages\/99","targetHints":{"allow":["GET"]}}],"collection":[{"href":"https:\/\/itva.cloud\/index.php\/wp-json\/wp\/v2\/pages"}],"about":[{"href":"https:\/\/itva.cloud\/index.php\/wp-json\/wp\/v2\/types\/page"}],"author":[{"embeddable":true,"href":"https:\/\/itva.cloud\/index.php\/wp-json\/wp\/v2\/users\/2"}],"replies":[{"embeddable":true,"href":"https:\/\/itva.cloud\/index.php\/wp-json\/wp\/v2\/comments?post=99"}],"version-history":[{"count":8,"href":"https:\/\/itva.cloud\/index.php\/wp-json\/wp\/v2\/pages\/99\/revisions"}],"predecessor-version":[{"id":723,"href":"https:\/\/itva.cloud\/index.php\/wp-json\/wp\/v2\/pages\/99\/revisions\/723"}],"wp:featuredmedia":[{"embeddable":true,"href":"https:\/\/itva.cloud\/index.php\/wp-json\/wp\/v2\/media\/197"}],"wp:attachment":[{"href":"https:\/\/itva.cloud\/index.php\/wp-json\/wp\/v2\/media?parent=99"}],"curies":[{"name":"wp","href":"https:\/\/api.w.org\/{rel}","templated":true}]}}